isor of g and 152?
19
Let f = -11 - -12. Let y be 8*f - (0 + 3). Suppose 0 = -5*k + 2*x + 102, 3*k - 9*x + 14*x - 55 = 0. Calculate the greatest common divisor of y and k.
5
Let c(n) = 36*n - 104. Let q(k) = 12*k - 34. Let r(t) = 3*c(t) - 8*q(t). Let d be r(4). What is the greatest common divisor of d and 232?
8
Suppose 3*f + 3*i - 693 = 288, -300 = -f - 4*i. Calculate the highest common factor of f and 1328.
16
Let j = 3535 + -3522. What is the highest common divisor of j and 377?
13
Let z(y) = -20*y**3 - 4*y**2 - 10*y + 4. Let n be z(-2). Calculate the greatest common divisor of 119 and n.
7
Let s = 46 - -75. Let h = 27 - s. Let t be 76/(-28) + 3 + h/(-14). What is the highest common divisor of 56 and t?
7
Suppose 0 = -240*j - 253 + 1693. What is the greatest common factor of j and 1977?
3
Let q = 286 + -244. Calculate the greatest common factor of 994 and q.
14
Suppose -62*c - 1099 = -2152 - 17919. What is the greatest common divisor of c and 884?
34
Suppose 1755 = 3*w - 2*n, 4*w + 528*n = 529*n + 2340. Suppose f - 4*d = 45, 5*f - 5*d = 4*f + 45. Calculate the highest common divisor of w and f.
45
Let a(f) = 3*f**2 - 2*f + 2. Let g be a(4). Suppose 0 = -4*p - 6*p - 100. Let k be -1 - -14*(-5)/p. What is the highest common divisor of g and k?
6
Suppose -9205 = -23*a - 12*a. Suppose -5*j = a - 383. What is the greatest common divisor of 252 and j?
12
Suppose 0 = -12*g + 11*g + 128. Suppose -g = -6*z - 32. Let t be ((-4)/5)/(2/(-20)). Calculate the greatest common divisor of t and z.
8
Let w be 18/(-4)*(32/(-12) - 0). Suppose w*i - 65 = -i. Calculate the highest common factor of i and 210.
5
Suppose 123*s + 203259 = 549525 + 848433. Calculate the highest common factor of s and 11.
11
Suppose 99*r - 148738 - 144586 + 52556 = 0. Calculate the highest common factor of r and 128.
128
Let v be (1248/(-14))/(((-360)/84)/15). What is the highest common factor of 128 and v?
8
Suppose 3*a = -h - 656 + 8526, -4*a = -5*h - 10468. Calculate the highest common divisor of 228 and a.
114
Suppose 12 = 4*q, -304 = -x - 4*q + 368. Let j be 8/((-32)/x) - -4. Let h = -98 - j. Calculate the greatest common divisor of h and 42.
21
Suppose -167*y + 163*y = 4*w - 144, 0 = -5*w - 2*y + 180. Calculate the highest common divisor of w and 657.
9
Suppose 18*y - 428 = -140. Let q be 4/((y/(-140))/((-12)/10)). Calculate the highest common divisor of q and 91.
7
Let c = 604 - 577. Suppose 25*f - c*f + 1176 = 0. Calculate the greatest common divisor of 12 and f.
12
Let w(m) = 38*m + 45. Let g be w(-1). Suppose 3*j + 50 = 5*y, -g*y + 9*y - 41 = -3*j. Calculate the greatest common divisor of y and 299.
13
Suppose 0 = -4*b + f + 33534, -3*b + 4*f = -24074 - 1070. What is the highest common divisor of b and 64?
64
Suppose -13*q + 13*q = -4*k, 0 = -4*q - 4*k + 344. Calculate the greatest common factor of 1677 and q.
43
Suppose -17*h - 5*h = 132. Let l be (h/(-35)*-5)/((-1)/21). Calculate the greatest common divisor of l and 126.
18
Let p(s) = -18*s + 162. Let t be p(-10). Calculate the highest common factor of t and 1900.
38
Let x(z) = 22*z + 20 - 2 + 41 + 8*z. Let i be x(8). What is the greatest common divisor of 46 and i?
23
Suppose 0 = y - 4. Suppose 0 = -5*w - 3*h + 69, -2*w = -h + 3 - 24. What is the highest common divisor of w and y?
4
Let q(b) = -205*b**3 + 6*b**2 + 12*b - 2. Let t be q(-2). Calculate the highest common factor of t and 24.
6
Let t(y) = 12*y**3 - 8*y**2 - y + 26. Let v be t(3). Suppose -7*f + 55 = -6*f. What is the greatest common factor of v and f?
55
Suppose 88*d + 19*d - 3541387 = -575775. What is the greatest common divisor of 104 and d?
52
Let n(p) = -32*p - 2138. Let v be n(-84). Calculate the greatest common divisor of v and 198.
22
Suppose 0 = 5*j - 5*h - 225 - 225, -190 = -2*j - 3*h. What is the highest common divisor of 7199 and j?
23
Let j(d) = 4*d**2 + 1111*d - 5559. Let m be j(5). What is the greatest common divisor of 3336 and m?
24
Suppose 0 = 7*v - 3*v + c - 21, 4*v + 5*c = 9. Suppose 332 + 148 = v*k. Calculate the greatest common factor of 48 and k.
16
Let q(w) = -3*w**2 + 42*w + 3. Let n be q(14). Suppose n*t + 6 = 0, 3*t + 153 = -0*s + 3*s. Calculate the greatest common factor of 7 and s.
7
Suppose 15*x - 14*x = 2. Let h(k) = 2*k**x + 7 - 15*k + 12 - 13 + 5*k. Let n be h(6). Calculate the highest common divisor of n and 18.
18
Let f = -24188 - -24195. Calculate the greatest common factor of f and 273.
7
Let y(j) = 9*j + 1. Let p be y(1). Let m be (2560/(-1152))/(4/(-18)). Calculate the highest common factor of m and p.
10
Let i = -163 - 21. Let l be (i/(-10))/(8/20). Suppose 45*g - l*g = -33. What is the greatest common factor of 3 and g?
3
Let d be ((-4)/(-16) + 14/(-24))*-12. Suppose -538 = -2*a - r + 3*r, -a = -d*r - 266. Calculate the greatest common divisor of 27 and a.
27
Suppose 100*h - 108 = 892. Let k(j) = -13*j - 1. Let w be k(-1). Suppose w + 18 = 3*s. What is the highest common divisor of s and h?
10
Let y(j) = 13*j + 1. Suppose -5*i - r + 5 = 0, 4*r = 4*i - 3*i - 22. Let a be (-3)/((-15)/i)*5. Let u be y(a). What is the greatest common divisor of u and 3?
3
Suppose -4*p - 151 = -7*p + 5*r, 0 = r + 5. Calculate the highest common divisor of 744 and p.
6
Suppose -6 + 10 = 2*p. Suppose p*f = 5*f - 42. Suppose 154 = -2*l + 210. What is the greatest common factor of l and f?
14
Suppose 6730*q - 77184 = 6602*q. What is the highest common factor of 737 and q?
67
Let i(j) = j**2 - 805*j + 316. Let r be i(0). What is the highest common factor of r and 68?
4
Let z be 2/30*-3 + 16/5. Let r be (-5)/5 - (z - 1). Let y be 4 - (r + (1 - -1) - -1). Calculate the greatest common divisor of 2 and y.
2
Let b be (5 - (-445)/10)*20/45. Calculate the highest common divisor of b and 1463.
11
Let k(r) = -3*r + 7. Let d be k(-2). Let y(v) = 6*v + v**3 - 20*v**2 - d - v + 8*v**2 + 11*v. Let m be y(11). What is the greatest common divisor of m and 63?
21
Let f(o) = -3*o**3 - 1094*o + 3 + 1107*o + 8*o**2 + 2*o**3. Let g be f(9). Calculate the highest common factor of g and 169.
13
Let z be (1 - (-1124)/8)*(2 + 0). Let f = -267 + z. Calculate the highest common factor of 16 and f.
16
Let y(u) = -10*u - 133. Let d be y(-16). Let i be -5 + 978/d + 8/(-36). What is the greatest common divisor of 31 and i?
31
Let m be ((0/(-2))/3)/2. Let j(a) = a**3 - 2*a**2 + 3*a + 330. Let i be j(m). What is the highest common divisor of i and 30?
30
Let r be 2*-3 + (5 - (-1 - (-918)/(-2))). What is the highest common factor of 81 and r?
27
Suppose 146*z - 5*t = 145*z + 1392, -z = t - 1422. Calculate the greatest common divisor of 13 and z.
13
Let o = -4014 + 4023. What is the highest common divisor of o and 375?
3
Let k = 12501 - 11682. What is the greatest common factor of k and 494?
13
Let g = 835 + -547. Let j(w) = 3*w - 4. Let t be j(4). Suppose -g = -t*a - 0*a. Calculate the greatest common divisor of 108 and a.
36
Suppose 72*a - 2880 = 24*a. Calculate the greatest common factor of 640 and a.
20
Let t(i) = -4*i**3 - 3*i**2 - i. Let b be t(-2). Let a be (-33)/b - 39/(-6). Calculate the greatest common factor of a and 20.
5
Suppose -14 = -27*s + 67. Suppose 0 = 5*f - 2*f - s*n - 420, -4*n + 256 = 2*f. What is the greatest common divisor of f and 32?
8
Let b be 2144/268 - (2/3 + (-12820)/6). What is the highest common factor of b and 256?
32
Let d be (-26 + 30)/(2/(-35)). Let y be ((-5)/(d/12))/(3/861). What is the greatest common divisor of y and 6?
6
Suppose 252*j = 115120 + 41120. Calculate the highest common factor of j and 2573.
31
Suppose w - 5 + 2 = 0. Let k = -308 - -114. Let q = k - -195. What is the greatest common divisor of q and w?
1
Suppose 79 - 85 = -2*g. Suppose -669 = -4*p - 3*i, -g*i + 7 = -2. Calculate the greatest common factor of 75 and p.
15
Suppose -4*t + h + 2*h - 46 = 0, -h + 42 = -4*t. Let b be ((-2)/t)/(105/49875). What is the greatest common divisor of 1520 and b?
95
Let j be 9*(-3 - (-20)/6). Let z be (4/7)/(1 - (-12)/(-14)). What is the highest common divisor of z and j?
1
Let d be (17 - -1)/(2/36). Suppose 215 = 3*k + 3*l + 122, -2*l = 10. Calculate the highest common divisor of d and k.
36
Suppose 0 = -j - 124 + 442. Let n(v) = -2*v**3 + 153*v**2 + 563*v - 228. Let r be n(80). Calculate the greatest common divisor of j and r.
6
Let s 